, 19
Suppose 75 = 2*m + 3*m. Suppose m*n - 7*n = 560. What are the prime factors of n?
2, 5, 7
Let x = 80 - 89. List the prime factors of ((-120)/x)/(4/12).
2, 5
Let c be (2/(-3))/((-2)/9). Suppose c*o = -2*o - 70. Let z = o + 38. What are the prime factors of z?
2, 3
Let w = -244 + 384. Suppose -5*a + 10*a = w. List the prime factors of a.
2, 7
Suppose 2*t - 2*w = 354, -3*w = 11*t - 6*t - 845. List the prime factors of t.
2, 43
Let x = 8 + -3. Suppose m + x = 0, 0*m = -4*t - 3*m + 173. List the prime factors of t.
47
Let r(y) = y**2 + y + 5. Let n be r(0). Suppose 0 = -u + n*z + 24, 2*u + 18 - 96 = 4*z. What are the prime factors of u?
7
Suppose -2*j = -4*w + 22, 0*w + 4*j = -3*w. Suppose w*m = 4*f - 3*f + 213, 5*m + f = 264. List the prime factors of m.
53
Suppose -2*l + 110 = -418. Suppose -3*a + l = a. What are the prime factors of a?
2, 3, 11
Suppose 49*m - 974 = 48*m. List the prime factors of m.
2, 487
Let p(l) = 14*l - 24. Let n(t) = -27*t + 47. Let a(z) = -3*n(z) - 5*p(z). List the prime factors of a(17).
2, 83
Let r = -12 + 19. Suppose 2 = -2*u + t + r, 4*t + 10 = 3*u. Suppose -u*i + 0*i = -34. What are the prime factors of i?
17
Suppose -2935 + 869 = -p. List the prime factors of p.
2, 1033
Let q = 8781 + -4399. What are the prime factors of q?
2, 7, 313
Let o(c) = -c**2 + 4*c - 2. Let f be o(3). Suppose -s - 2 = f. What are the prime factors of (6/(-12))/(s/258)?
43
Let g be 0 - 3*10/(-6). Suppose -4*n = -6*n - 3*v + 81, g*n - 2*v = 212. What are the prime factors of n?
2, 3, 7
Let a be (-1)/4 - (-77)/(-28). What are the prime factors of 71 - ((a - -7)*1)/2?
3, 23
Suppose 0 = -l + 3*l - 4. Suppose -a = 3*w + 2, -4*a - l*w = -2*a - 12. Suppose 153 = 13*f - a*f. What are the prime factors of f?
3, 17
Let p(d) = 6*d**3 + 4*d**2 + d - 3. Let v be p(-3). Suppose -5*t = -7*t - 138. Let i = t - v. List the prime factors of i.
3, 7
Suppose -20 - 82 = -6*f. Let y = -5 + 7. Suppose -f = -c + 4*p, -y*p - 4 = -0*p. List the prime factors of c.
3
Let o(p) = 236*p**2 - 4*p - 3. List the prime factors of o(-1).
3, 79
What are the prime factors of (-2 + -239)*40/(-8)?
5, 241
Suppose -5*b + 3*v + 48 = 29, 8 = 4*v. What are the prime factors of b?
5
Suppose 5*v = -i + 2531, -v - 11758 + 4133 = -3*i. What are the prime factors of i?
3, 7, 11
List the prime factors of (3 + ((-110)/15 - -5))*189.
2, 3, 7
Let a be 10/40 + (-99)/(-4). Suppose b + 5*m - a - 50 = 0, m + 193 = 3*b. List the prime factors of b.
5, 13
List the prime factors of ((-1044)/(-16) + 3)*(-704)/(-24).
2, 7, 11, 13
Let l = -42 - -80. Let t = l - 22. Suppose -20*q = -t*q - 80. List the prime factors of q.
2, 5
Suppose 1782 = -11*o + 6754. What are the prime factors of o?
2, 113
Suppose 5*y = -a + 8, -2*a - 14 = -0*a - 5*y. Let z be (230/30)/(a/(-6)). List the prime factors of (-3 + z)*(-2)/(-4).
2, 5
Let o(k) = -k**3 + 33*k**2 - 91*k + 51. What are the prime factors of o(29)?
2, 97
Suppose -4*v = -5*m - 32, -4*m + 2*m - 5*v + 7 = 0. List the prime factors of (4672/(-6))/(-4) - m/(-6).
2, 97
Let b(d) = d**2 - 8*d + 8. Let k(p) = 3*p - 5. Let c be k(4). Let x be b(c). Suppose -4*j + x - 7 = -2*h, 0 = -2*h - 4*j + 14. List the prime factors of h.
5
List the prime factors of 10/(-15) - (606/9)/(-2).
3, 11
Let s(f) = 3*f - 15. Let r be s(10). List the prime factors of r - ((-2 - 1) + 0).
2, 3
Let n(y) = -3*y - 12. Let u be n(-4). Suppose u = -5*c + 7*c - 74. List the prime factors of c.
37
Let r be (-21)/(-9) + 2/3. Suppose -4*m + 53 = 3*b, 0 = r*b + b + 4. Let g = 6 + m. List the prime factors of g.
2, 5
List the prime factors of ((-1338)/15)/(4/(-100)) + -2.
2, 557
Let n = 39 + -33. Let q = 6 + n. List the prime factors of q/8*52/3.
2, 13
Let b(n) = -25*n + 78. List the prime factors of b(-18).
2, 3, 11
Suppose 22 = -3*d - 284. What are the prime factors of (9 - 10) + (1 - d) - 0?
2, 3, 17
List the prime factors of (-1290)/(-6) - (-7)/1.
2, 3, 37
Suppose 0 = -22*c - c + 18078. What are the prime factors of c?
2, 3, 131
Let x(b) = -b**2 + b + 5. Let v be x(0). Let y(o) = -o**2 - 5*o + 3. Let h be y(-5). Suppose -5*k = -15 - v, -13 = -h*i - k. List the prime factors of i.
3
Let a(c) = 2*c**2 + 2*c - 8. What are the prime factors of a(12)?
2, 19
Let s(o) = -o**2 + 66*o - 122. What are the prime factors of s(26)?
2, 3, 17
Suppose c = 3*a + 10, -3*c - 6 = 2*a + a. Let x(d) = 4*d**2 + 1. What are the prime factors of x(a)?
37
Let l(f) = 4*f**3 - f**2. Let d = 6 + -5. Let r be l(d). List the prime factors of 8*3/(r - 0).
2
Suppose -3*w - 3*s + 2*s = -83, 0 = -2*w + 5*s + 27. List the prime factors of w.
2, 13
Suppose 3591 = 111*r - 108*r. What are the prime factors of r?
3, 7, 19
Suppose 3*k + n - 28 = 0, -7*k + 2*k + 44 = n. Suppose -k*t + 693 = t. What are the prime factors of t?
7, 11
Let k = 53 + -67. List the prime factors of 9*(-36)/k + 2/(-14).
23
Suppose 6*j = 2*j + 16. Let k be (-190)/4 - j/8. Let v = k - -78. What are the prime factors of v?
2, 3, 5
Let d(x) = 205*x**3 - x**2 + 7*x - 17. What are the prime factors of d(2)?
23, 71
Let m = 781 + 159. What are the prime factors of m?
2, 5, 47
Let x = 5 - -5. Suppose -x*m = -6*m - 32. What are the prime factors of 2/m - 895/(-20)?
3, 5
Let j be (-1315)/(-30) + -1 - 1/(-6). Suppose j = -5*y + 948. List the prime factors of y.
181
Suppose -2*i - 2*m = -2, i - 15 = -5*m + 2. Let n be (-4)/(-3)*(-18)/12. What are the prime factors of i/n*196/21?
2, 7
Suppose -6 - 3 = 3*l + y, 5*l = y - 7. Let h(o) = o + 2. Let s be h(l). Suppose 2*a = -s*a + 6. List the prime factors of a.
3
Suppose -j = -3*j - 2. Let l(g) = 1. Let y(u) = u**3 - 5*u**2 - 3*u + 3. Let h(a) = j*y(a) + 4*l(a). List the prime factors of h(5).
2
Suppose -1 + 6 = 5*w. What are the prime factors of (w - 3) + -3 + 70?
5, 13
Let j = 511 - 85. Suppose 0 = 4*r - u - j, -3*r + 272 + 43 = -3*u. What are the prime factors of r?
107
Let k = -9 + 13. List the prime factors of -1 - k/8*-58.
2, 7
Let y = -181 - -113. Let s = y - -134. List the prime factors of s.
2, 3, 11
Let q = -2197 - -3080. What are the prime factors of q?
883
Suppose -y = -3*y - 60. Let t(v) = -v**2 + 18*v - 12. Let m be t(13). Let h = m + y. What are the prime factors of h?
23
Suppose -68 = 3*z - 248. Suppose 0*x + z = -x. List the prime factors of 91/13*x/(-14).
2, 3, 5
Suppose 9*b = 12*b - 2919. What are the prime factors of b?
7, 139
Let w(b) = 165*b - 8. List the prime factors of w(1).
157
Suppose -33*j + 569796 = 70*j. List the prime factors of j.
2, 3, 461
Let p(g) = -54*g + 643. What are the prime factors of p(-58)?
5, 151
Let p be (-26)/(-2)*7/7. Let w = -3 + p. List the prime factors of w/(-15)*75/(-2).
5
Let m(f) = 3*f**2 + 9*f - 11. Let t be m(5). Suppose -t*n + 111*n - 484 = 0. List the prime factors of n.
2, 11
Suppose 4*w = -3*y + 3134, -2053 - 2121 = -4*y - 3*w. List the prime factors of y.
2, 521
Let x(b) = b**2 - 11*b + 7. Let o be x(-8). Suppose -2*s + 42 = 3*g - 21, 5*g + o = 4*s. Suppose s = 4*i - 4. What are the prime factors of i?
2, 5
Let t(q) = 11*q - 3. Let p be t(-3). Let j(i) = -12*i**3 - 68*i**2 + 10*i + 3. Let z be j(-6). Let d = z + p. What are the prime factors of d?
3, 17
Suppose -4*d - 6*d = -4100. What are the prime factors of d?
2, 5, 41
Suppose 0 = 4*f - 5*g + 303 - 1351, 0 = 4*f - 3*g - 1048. Suppose -4*x = -f - 298. What are the prime factors of x?
2, 5, 7
List the prime factors of 3/1 - (-1)/(2/632).
11, 29
Let l = 3 + -3. Let m be (l - -3) + (-11)/(-1). Let q = 9 + m. What are the prime factors of q?
23
Suppose -2*v + 5*n = -95, -5*v = 8*n - 4*n - 320. What are the prime factors of v?
2, 3, 5
Let n be 4/(-18) - (-494)/117. Suppose 5*f = -4*t + 257, 4*t - n*f = 81 + 131. What are the prime factors of t?
2, 29
Suppose 0 = 24*y - 30*y + 2064. What are the prime factors of y?
2, 43
Let v(y) = 22*y - 59. Let t(u) = -11*u + 30. Let g(m) = 5*t(m) + 2*v(m). List the prime factors of g(-9).
131
Suppose s - 2*i - 1490 = 0, 8*s - 10*s = i - 2955. What are the prime factors of s?
2, 5, 37
Let n(w) = 54*w**2 + 5*w + 17. List the prime factors of n(-2).
223
Suppose -1 = -3*m - l + 2, 2*l = 2*m + 6. Suppose 3*x + 0*x - 9 = m. What are the prime factors of 16 - (0 + x + -3)?
2
Let k(t) = -5*t - 2. Suppose -a - a - 2 = 0. Let m be k(a). Suppose -m*v + 23 = -64. What are the prime factors of v?
